te?
False
Let z(j) be the second derivative of 32*j**3/3 + 3*j**2/2 - j. Is z(2) a composite number?
False
Let g = -88 + 130. Suppose 29 = d + 5*u - 4, -2*d + 2*u = -g. Is d a composite number?
False
Suppose -2*m = -n - 1131, -m - 5*n + 560 = -0*m. Is m prime?
False
Let u(o) be the third derivative of -o**6/120 + 7*o**5/30 - o**4/2 + 3*o**3 - 4*o**2. Is u(13) prime?
True
Is 1319/5 + 20/(-25) a prime number?
True
Suppose 2*a - 584 = -2*b + 4*a, b - 3*a - 290 = 0. Is b prime?
True
Let y(i) = -234*i + 11. Is y(-2) a composite number?
False
Let t be 1203/(-9) - (-4)/6. Suppose 7*w - 564 = 4*w. Let d = t + w. Is d composite?
True
Suppose -72 = -3*w - 5*d - 7, 2*w - d = 39. Suppose 3*g + 2*r = 4, -g = g - 3*r - w. Suppose 4*p + g*x - 12 = 0, 3 = 3*p + 4*x - 2. Is p composite?
False
Let a(b) = b + 27. Is a(-8) prime?
True
Let q be (-6)/(-3)*(-10)/(-4). Let t = -6 + 10. Suppose -q*y = 4*j - 8 - 31, -t*j - y = -43. Is j a prime number?
True
Let b = 17 + -29. Let g = 17 + -7. Is (g/3)/(b/(-198)) prime?
False
Suppose 7*s - 9*s + 4 = 0. Suppose 0 = -0*m + s*m + 342. Is (m + 3 + -2)/(-2) a composite number?
True
Let u = 60 + 2. Is u composite?
True
Let u be (6/(-18))/(2/(-12)). Suppose u*d - 4*d = -446. Is d a composite number?
False
Let o be 4/10 + (-1715)/(-25). Let j = 203 - o. Let k = j + -55. Is k composite?
False
Suppose 4*v = 8, 3*x = -x - 4*v + 856. Let a = -346 + x. Let w = a + 211. Is w composite?
True
Let o = -189 + 392. Is o prime?
False
Let z be ((-6)/4)/(2/(-4)). Suppose -z*c + s = -614, 0*c - 5*s + 787 = 4*c. Is c a prime number?
False
Let v(f) = 2*f**2 - 6*f - 5. Let l be v(6). Let o = l - -130. Is o a prime number?
False
Let m = 182 + 83. Is m a composite number?
True
Let h = 366 - -31. Is h prime?
True
Let f(w) = 5*w**2 - 7*w - 7. Let l be f(7). Let v be l/(-2)*14/(-3). Suppose -4*r - 5*b + 889 = 0, 3*r = r + b + v. Is r a composite number?
True
Let g be ((-5)/(-3))/((-6)/(-18)). Suppose g*y - 23 = 27. Is ((-53)/2)/((-5)/y) composite?
False
Suppose 16*z - 12*z - 24 = 0. Suppose 0 = z*j - 11*j + 6275. Is j a prime number?
False
Let c = 5 - 4. Let j = 4 - c. Is 92/j - (-3)/9 a prime number?
True
Let f = -33 - -22. Let y = f - -29. Is 1382/y + (-4)/(-18) a prime number?
False
Let p be (-3)/4*(-7 + 3). Let k(u) = 8*u**3 - u**2 + u - 1. Is k(p) a composite number?
True
Let v = 1335 - 845. Suppose k + 4*q - 11 = 104, 5*k + 3*q - v = 0. Is k prime?
False
Let c(a) = -4*a**3 - a**2 + 19*a - 15. Let j(p) = 3*p**3 + p**2 - 13*p + 10. Let h(v) = -5*c(v) - 7*j(v). Let b be (-3 - -1)*(-4)/(-2). Is h(b) composite?
False
Let c(d) = d**3 + 6*d**2 - 8*d + 4. Let t be (3 - 5)*7/2. Is c(t) a composite number?
False
Suppose v + 5 = -g - 1, 5*v + 10 = 0. Let o(s) = s**3 - 5*s**2 - 2*s - 4. Let a be o(g). Let j = -43 - a. Is j composite?
False
Let m(v) = 5*v + 5. Let c(t) = -t**3 + t. Let p be c(-2). Is m(p) prime?
False
Let k = 1 - -3. Let t(j) = -j**3 - 5*j**2 + 2*j - 4. Let d be t(-7). Suppose -b = -k*u - 61, 5*b - d = -4*u + 273. Is b a composite number?
True
Is (-15)/(-10) + (-1862)/(-4) composite?
False
Suppose -2*r - 5*t - 2 = 0, -2*r - r - t = 16. Let h = 11 + r. Suppose u + 2*d - 91 = 0, h*u + 6*d - 445 = d. Is u a composite number?
True
Suppose -15 = 5*a, -g + 0*g = a - 24. Let s = g - -40. Is s prime?
True
Let n = -17 + 23. Is (106/n)/(11/33) composite?
False
Let h = -291 + 448. Is h a composite number?
False
Suppose y - 4*b = 5035, -10*b = -8*b - 8. Is y composite?
False
Is ((-24)/(-36))/((-2)/(-75)) prime?
False
Is -1*(0 - 1)*1399 composite?
False
Let v = 233 + 20. Is v a prime number?
False
Let n = 16 + -12. Suppose 0 = 4*r - 2*f - 864, -5*r - n*f + 637 = -2*r. Is r a composite number?
True
Is 10 + 80 - (-1)/(-1) a composite number?
False
Let x(u) = u**2 + 5*u - 10. Let f be x(-7). Let z = f - 2. Is z composite?
False
Is -211*2/6*(-3)/1 a prime number?
True
Let w be (3 + 0)*(-12)/(-9). Let f(d) = d**2 - d + 27. Let t be f(0). Suppose -5*z = -w*m + 87, z = -m - 3*z + t. Is m prime?
True
Let g = -178 + 275. Is g a composite number?
False
Let v(t) be the first derivative of 12*t**2 + t + 2. Let i = -1 - -3. Is v(i) prime?
False
Suppose 5*w = -s + 287, 113 = 2*w - 2*s + 3*s. Let y = 361 - w. Is y a prime number?
False
Suppose -5*a + 2226 = -29. Is a composite?
True
Let a(n) = 191 + 0*n**3 + 0*n**3 + n**2 + n**3. Suppose -5*r - q - 4 = 0, 0 = -r + 5*r + 2*q + 8. Is a(r) a composite number?
False
Let g(j) = -j**2 - 19. Let k be 1/(-1) + (-1)/(-1). Let a be g(k). Is (0 - a/(-3))*-21 composite?
True
Suppose -4*u + 3*q = -1475, 3*q + 0*q - 9 = 0. Is u a prime number?
False
Let t = -65 + 111. Suppose 162 = z - t. Is z/6 + 6/(-9) a prime number?
False
Let w = 3 - 6. Let b be (-5)/3 - 2/w. Is 1*b + 5 + 63 prime?
True
Is (-122111)/(-121) + 2/(-11) a composite number?
False
Let k = -232 - -493. Let q = -413 + 235. Let i = q + k. Is i prime?
True
Let o(u) = 6802*u**2 + 4*u + 5. Is o(-1) composite?
False
Let j(h) = -3*h + 19. Let o(f) = -4*f + 28. Let v(u) = -7*j(u) + 5*o(u). Is v(0) a composite number?
False
Let l(b) be the second derivative of -b**5/20 - b**4/6 + b**3/3 - 7*b**2/2 - 8*b. Is l(-5) a composite number?
True
Let l(w) = -w**3 + w**2 + 84. Let z be l(0). Let h = 153 - z. Is h a composite number?
True
Suppose -784 = -5*z + 21. Suppose 0 = -4*n + 3*u + 187 + z, 2*n + u - 174 = 0. Is n a composite number?
True
Suppose 4659 = -12*v + 15*v. Is v a composite number?
False
Suppose 0 = 2*t - 1 - 3. Suppose -t*g + 422 = -0*g. Is g prime?
True
Let v(a) = a**3 + 4*a**2 - 5*a - 5. Let c be v(6). Let o be 1*-2*1 - -2. Suppose 5*g - c = -o*g. Is g composite?
True
Suppose i = 3*i - 10. Suppose i*j + z = -0*z + 4, z = -j + 4. Suppose -q - b + 16 + 36 = j, -131 = -3*q + 2*b. Is q a prime number?
True
Suppose -r - 4 = -0*r, -2*w = 5*r + 14. Suppose 8*v - 235 = w*v. Is v composite?
False
Suppose 0 = 2*o - l - 637, -l - 2*l + 3 = 0. Is o prime?
False
Suppose -4*w + 13 = 5*p, p + 2 = 4*w - 5. Let r be 1*(w - 2 - 31). Let x = r - -53. Is x prime?
False
Let x be (42/(-9))/((-2)/72). Suppose 375 = -4*f - f. Let r = x + f. Is r a composite number?
True
Let s(j) = j**2 - 4*j - 4. Let f be s(-6). Suppose -7*y = 4*g - 2*y - 59, 4*g + 4*y = f. Is g a composite number?
False
Suppose -w = -u - 68, -5*w + 350 = 3*u + 2*u. Is w composite?
True
Let c be (48/(-4))/(-4) - -48. Suppose -r = -c - 36. Is r a composite number?
True
Let w = 38 + 89. Is w prime?
True
Suppose 10*z = 5*z - 3*k + 1591, 3*k - 6 = 0. Is z a composite number?
False
Suppose -2*o + 35 = -5*s, 0 = -4*s - 2*o - 7 - 3. Is s*6/20*-34 prime?
False
Is (-2)/(-1) + (759 - -1) + -5 prime?
True
Let z(f) = -f - 6. Let d be z(-6). Let g be 1 - (-3)/3 - d. Suppose 0 = 5*y - q + 2*q - 815, 2*y = -g*q + 326. Is y prime?
True
Suppose -7*u = -4*u - 327. Is u a composite number?
False
Let l = 7 - 5. Suppose -b - 5 = -l*b. Suppose u - t = b, 5*u - 5*t - 27 = -t. Is u prime?
True
Let i(o) = 15*o**3 - 7*o**2 + 4*o - 3. Let b(a) = 15*a**3 - 6*a**2 + 3*a - 2. Let p(n) = 6*b(n) - 5*i(n). Is p(2) a composite number?
True
Let m(n) = -53*n + 5. Let f(j) = 13*j - 1. Let z(s) = 18*f(s) + 4*m(s). Let a be z(3). Suppose 127 = 3*g - a. Is g prime?
False
Suppose 2*c = 13 - 5. Suppose -5 = 5*j + 3*n - 38, -c*j + 23 = -n. Suppose q - j*q + 175 = 0. Is q a prime number?
False
Suppose 5*x - 6 = 4. Suppose -4*z + x*y + 12 = 2, -2*z - 3*y + 25 = 0. Suppose 0 = 5*h - l - 180, 3*h = z*l + 31 + 55. Is h prime?
True
Let r = -4 + 7. Suppose 589 = 2*q + 3*p, r*p - 1175 = -q - 3*q. Is q composite?
False
Let r = -7 - -31. Is 16/r + (-710)/(-6) a composite number?
True
Is (-4)/14 + (-1436)/(-28) a composite number?
True
Let n = 66 - 215. Is 1*-1 - (n + 3) prime?
False
Is (-4)/(-6) - (-17466)/18 composite?
False
Let b(g) = 5*g**2 - 13*g + 10. Let x be b(9). Suppose 3*l = 3*u + x - 70, 0 = -l - 3*u + 56. Is l a composite number?
False
Suppose -3*q = -5*w, w + w - 26 = -4*q. Let h(f) = 4*f**2. Let i be h(1). Suppose -i*p - 2*r + 110 = 16, 0 = 3*p + q*r - 74. Is p a composite number?
False
Let r = 10 - 17. Let o(z) = -z**2 - 7*z. Let p be o(r). Suppose s + 3*s - 316 = p. Is s composite?
False
Suppose -5*h = 15, 0 = -5*t - 0*t - 2*h - 206. Suppose -14 - 50 = -2*c - 5*m, -2*c + 4*m = -46. Let b = c - t. Is b a composite number?
False
Let f be 3/2*(-20)/5. Let o(q)